{"id":3123,"date":"2020-08-16T18:28:12","date_gmt":"2020-08-16T16:28:12","guid":{"rendered":"https:\/\/www.astrokreativ.de\/neuastro\/?page_id=3123"},"modified":"2020-08-16T18:33:37","modified_gmt":"2020-08-16T16:33:37","slug":"datenschutz-facebook","status":"publish","type":"page","link":"https:\/\/www.astrokreativ.de\/neuastro\/datenschutz\/datenschutz-facebook","title":{"rendered":"Datenschutz Facebook"},"content":{"rendered":"\n<p><strong>Datenschutzhinweise f\u00fcr die Besucher meiner Facebook-Seite:<\/strong><\/p>\n\n\n\n<p><strong>Herzlich willkommen auf meiner Facebook-Seite.<\/strong><\/p>\n\n\n\n<p><strong>Name und Anschrift der Verantwortlichen:<\/strong><\/p>\n\n\n\n<p>Gemeinsam Verantwortliche f\u00fcr den Betrieb dieser Facebook-Seite sind im Sinne der EU-Datenschutz-Grundverordnung sowie sonstiger datenschutzrechtlicher Bestimmungen die:<\/p>\n\n\n\n<p>Facebook Ireland Ltd. (nachfolgend \u201eFacebook\u201c)<\/p>\n\n\n\n<p>4 Grand Canal Square<\/p>\n\n\n\n<p>Grand Canal Harbour<\/p>\n\n\n\n<p>Dublin 2<\/p>\n\n\n\n<p>Irland<\/p>\n\n\n\n<p>und<\/p>\n\n\n\n<p>Gabriele Welz<\/p>\n\n\n\n<p>Vulsiekshof 32<\/p>\n\n\n\n<p>33619 Bielefeld<\/p>\n\n\n\n<p>Deutschland<\/p>\n\n\n\n<p>Die Vereinbarung zur gemeinsamen Verantwortlichkeit nach Art. 26 DSGVO finden Sie hier<\/p>\n\n\n\n<p><a href=\"https:\/\/www.facebook.com\/legal\/terms\/page_controller_addendum\">https:\/\/www.facebook.com\/legal\/terms\/page_controller_addendum<\/a><\/p>\n\n\n\n<p>Diese Vereinbarung wurde in dieser Form von Facebook Irland Ltd. zur Verf\u00fcgung gestellt und wir als Nutzer der Fanpages, akzeptieren Sie durch die Nutzung von Facebook.<\/p>\n\n\n\n<p>Ob diese Vereinbarung den Voraussetzungen des Art. 26 DSGVO gen\u00fcgt, kann ich nicht beurteilen.<\/p>\n\n\n\n<p><strong>Informationen \u00fcber meine Facebook-Seite<\/strong><\/p>\n\n\n\n<p>Ich betreibe diese Seite, um auf meine Produkte aufmerksam zu machen und um mit Ihnen als Besucher und Benutzer dieser Facebook-Seite sowie meiner Webseite in Kontakt zu treten. Weitere Informationen \u00fcber mich sowie \u00fcber meine T\u00e4tigkeiten, etc. erhalten Sie auf meiner Webseite unter <a href=\"https:\/\/www.astrokreativ.de\">https:\/\/www.astrokreativ.de<\/a><\/p>\n\n\n\n<p>Ich als Betreiber der Facebook-Seite habe kein Interesse an der Erhebung und weiteren Verarbeitung Ihrer individuellen personenbezogenen Daten zu Analyse- oder Marketingzwecken. Weiterf\u00fchrende Hinweise zu unserem Umgang mit personenbezogenen Daten finden Sie in meiner Datenschutzerkl\u00e4rung meiner Webseite unter <a href=\"https:\/\/www.astrokreativ.de\/neuastro\/datenschutz\">https:\/\/www.astrokreativ.de\/neuastro\/datenschutz<\/a><\/p>\n\n\n\n<p>Der Betrieb dieser Facebook-Seite unter Einbezug der Verarbeitung der personenbezogenen Daten der Nutzer erfolgt auf Grundlage meiner berechtigten Interessen an einer zeitgem\u00e4\u00dfen und unterst\u00fctzenden Informations- und Interaktionsm\u00f6glichkeit f\u00fcr und mit meinen Nutzern und Besuchern gem. Art. 6 Abs. 1 lit. f) DSGVO.<\/p>\n\n\n\n<p>Eine Einwilligung gem. Art. 6 Abs. 1 S.1 lit. b) DSGVO f\u00fcr die Verarbeitung der personenbezogenen Daten kann nur durch Facebook technisch eingeholt werden. Eine solche Einwilligungsm\u00f6glichkeit bietet Facebook derzeit nicht an.<\/p>\n\n\n\n<p><strong>Verarbeitung von Personenbezogenen Daten durch Facebook<\/strong><\/p>\n\n\n\n<p>Der Europ\u00e4ische Gerichtshof (EuGH) hat in seinem Urteil vom 5. Juni 2018 entschieden (<a href=\"http:\/\/curia.europa.eu\/juris\/document\/document.jsf?text=&amp;docid=202543&amp;pageIndex=0&amp;doclang=DE&amp;mode=req&amp;dir=&amp;occ=first&amp;part=1&amp;cid=298398setzen\">http:\/\/curia.europa.eu\/juris\/document\/document.jsf?text=&amp;docid=202543&amp;pageIndex=0&amp;doclang=DE&amp;mode=req&amp;dir=&amp;occ=first&amp;part=1&amp;cid=298398<\/a>),<\/p>\n\n\n\n<p>dass der Betreiber einer Facebook-Seite gemeinsam mit Facebook f\u00fcr die Verarbeitung personenbezogener Daten verantwortlich ist.<\/p>\n\n\n\n<p>Mir ist bekannt, dass Facebook die Daten der Nutzer zu folgenden Zwecken verarbeitet:<\/p>\n\n\n\n<p>&#x25aa; Werbung (Analyse, Erstellung personalisierter Werbung)<\/p>\n\n\n\n<p>&#x25aa; Erstellung von Nutzerprofilen<\/p>\n\n\n\n<p>&#x25aa; Marktforschung<\/p>\n\n\n\n<p>Facebook setzt zur Speicherung und weiteren Verarbeitung dieser Informationen Cookies ein, also kleine Textdateien, die auf den verschiedenen Endger\u00e4ten der Benutzer gespeichert werden. Sofern der Benutzer ein Facebook-Profil besitzt und bei diesem eingeloggt ist, erfolgt die Speicherung und Analyse auch ger\u00e4te\u00fcbergreifend.<\/p>\n\n\n\n<p>Die Datenschutzerkl\u00e4rung von Facebook enth\u00e4lt weitere Informationen zur Datenverarbeitung: <a href=\"https:\/\/www.facebook.com\/about\/privacy\/\">https:\/\/www.facebook.com\/about\/privacy\/<\/a><\/p>\n\n\n\n<p>Widerspruchsm\u00f6glichkeiten (sog. Opt-Out) k\u00f6nnen hier: <a href=\"https:\/\/www.facebook.com\/settings?tab=ads\">https:\/\/www.facebook.com\/settings?tab=ads<\/a> und hier <a href=\"http:\/\/www.youronlinechoices.com\">http:\/\/www.youronlinechoices.com<\/a><\/p>\n\n\n\n<p>gesetzt werden.<\/p>\n\n\n\n<p>Facebook Inc., der US-amerikanische Mutterkonzern der Facebook Ireland Ltd. ist unter dem EU-U.S. Privacy-Shield zertifiziert und gibt damit die Zusage, sich an europ\u00e4ische Datenschutzrichtlinienzuhalten. Weitere Informationen zum Privacy-Shield-Status von Facebook gibt es hier:<\/p>\n\n\n\n<p><a href=\"https:\/\/www.privacyshield.gov\/participantid=a2zt0000000GnywAAC&amp;status=Active.\">https:\/\/www.privacyshield.gov\/participantid=a2zt0000000GnywAAC&amp;status=Active.<\/a><\/p>\n\n\n\n<p>Die \u00dcbermittlung und weitere Verarbeitung personenbezogener Daten der Benutzer in Drittl\u00e4nder, wie z.B. die USA, sowie die damit verbundenen eventuellen Risiken f\u00fcr die Benutzer k\u00f6nnen von mir als Betreiber der Seite nicht ausgeschlossen werden.<\/p>\n\n\n\n<p><strong>Statistische Daten<\/strong><\/p>\n\n\n\n<p>\u00dcber die sogenannten \u201eInsights\u201c der Facebook-Seite sind statistische Daten unterschiedlicher Kategorien f\u00fcr mich abrufbar. Diese Statistiken werden durch Facebook erzeugt und bereitgestellt. Auf die Erzeugung und Darstellung habe ich als Betreiberin der Seite keinen Einfluss. Ich kann diese Funktion nicht abstellen oder die Erzeugung und Verarbeitung der Daten nicht verhindern. F\u00fcr einen w\u00e4hlbaren Zeitraum sowie jeweils f\u00fcr die Kategorien Fans, Abonnenten, erreichte Personen und interagierende Personen wird mir bezogen auf meiner Facebook-Seite nachfolgende Daten durch Facebook bereitgestellt:<\/p>\n\n\n\n<p>Gesamtanzahl von Seitenaufrufen, \u201eGef\u00e4llt mir\u201c-Angaben, Seitenaktivit\u00e4ten, Beitragsinteraktionen, Reichweite, Videoansichten, Beitragsreichweite, Kommentare, Geteilte Inhalten, Antworten, Anteil M\u00e4nner und Frauen, Herkunft bezogen auf Land und Stadt, Sprache, Aufrufe und Klicks im Shop, Klicks auf Routenplaner, Klicks auf Telefonnummern.<\/p>\n\n\n\n<p>Ebenfalls werden auf diesem Wege Daten zu den mit meiner Facebook-Seite verkn\u00fcpften Facebook-Gruppen bereitgestellt. Durch die st\u00e4ndige Entwicklung von Facebook ver\u00e4ndert sich die Verf\u00fcgbarkeit und die Aufbereitung der Daten, sodass ich f\u00fcr weitere Details dazu auf die bereits o.g. Datenschutzerkl\u00e4rung von Facebook verweise.<\/p>\n\n\n\n<p>Ich nutze diese in aggregierter Form verf\u00fcgbaren Daten, um meine Beitr\u00e4ge und Aktivit\u00e4ten auf meiner Facebook-Seite f\u00fcr die Benutzer attraktiver zu machen. So nutze ich z.B. die Verteilungen nach Alter und Geschlecht f\u00fcr eine angepasste Ansprache und die bevorzugten Besuchszeiten der Nutzer f\u00fcr eine zeitlich optimierte Planung meiner Beitr\u00e4ge. Informationen \u00fcber die Art der verwendeten Endger\u00e4te von Besuchern helfen mir dabei, die Beitr\u00e4ge optisch-gestalterisch daran anzupassen. Entsprechend der Facebook-Nutzungsbedingungen, denen jeder Benutzer im Rahmen der Erstellung eines Facebook-Profils zugestimmt hat, kann ich die Abonnenten und Fans der Seite identifizieren und deren Profile sowie weitere geteilte Informationen von ihnen einsehen.<\/p>\n\n\n\n<p><strong>Rechte der Benutzer<\/strong><\/p>\n\n\n\n<p>Bei Fragen zu Ihren Rechten sollten Sie sich bitte direkt mit Facebook in Verbindung setzen.<\/p>\n\n\n\n<p>Sie haben ein Recht auf unentgeltliche Auskunft \u00fcber bei Facebook zu Ihrer Person gespeicherten Daten sowie ggf. ein Recht auf Berichtigung, Einschr\u00e4nkung der Verarbeitung oder L\u00f6schung dieser Daten. Ebenfalls haben Sie das Recht auf Daten\u00fcbertragbarkeit. Schlie\u00dflich haben Sie auch das Recht, sich \u00fcber die Verarbeitung Ihrer pers\u00f6nlichen Daten durch Facebook bei der Datenschutz-Aufsichtsbeh\u00f6rde zu beschweren.<\/p>\n\n\n\n<p>Werden Auskunftsfragen an mich als Seitenbetreiber gestellt, bin ich durch die Zusatzvereinbarung mit Facebook verpflichtet, diese Anfragen \u2013 gleich ob von Privatpersonen oder Beh\u00f6rden \u2013 innerhalb von 7 Tagen an Facebook weiterzuleiten.<\/p>\n\n\n\n<p>Dieses ergibt sich ebenfalls aus dem o.g. Controller Addendum<\/p>\n\n\n\n<p><a href=\"https:\/\/www.facebook.com\/legal\/terms\/page_controller_addendum\">https:\/\/www.facebook.com\/legal\/terms\/page_controller_addendum<\/a><\/p>\n\n\n\n<p>Sollten Sie dabei Unterst\u00fctzung ben\u00f6tigen oder anderweitige Fragen haben, dann kontaktieren Sie mich gerne unter der E-Mail <a href=\"javascript:DeCryptX('1h2c0b1s3l1f0l1f1x1f0l2|3C2c3v1u0r1p2m1s1f1b3w0i2x201e3h')\">gabrielewelz@astrokreativ.de<\/a>. Wenn Sie die hier beschriebenen Datenverarbeitungen zuk\u00fcnftig nicht mehr w\u00fcnschen, dann heben Sie bitte durch Nutzung der Funktion \u201eDiese Seite gef\u00e4llt mir nicht mehr\u201c die Verbindung Ihres Benutzer-Profils zu meiner Seite auf.<\/p>\n\n\n\n<p>Stand der Informationen: 13.12.2018<\/p>\n\n\n\n<p>\u00a9 2018 Rechtsanw\u00e4ltin Sabrina Keese-Haufs <a href=\"http:\/\/www.lawlikes.de\">www.lawlikes.de<\/a><\/p>\n","protected":false},"excerpt":{"rendered":"<p>Datenschutzhinweise f\u00fcr die Besucher meiner Facebook-Seite: Herzlich willkommen auf meiner Facebook-Seite. Name und Anschrift der Verantwortlichen: Gemeinsam Verantwortliche f\u00fcr den Betrieb dieser Facebook-Seite sind im Sinne der EU-Datenschutz-Grundverordnung sowie sonstiger datenschutzrechtlicher Bestimmungen die: Facebook Ireland Ltd. (nachfolgend \u201eFacebook\u201c) 4 Grand Canal Square Grand Canal Harbour Dublin 2 Irland und Gabriele Welz Vulsiekshof 32 33619 Bielefeld&hellip; <a class=\"more-link\" href=\"https:\/\/www.astrokreativ.de\/neuastro\/datenschutz\/datenschutz-facebook\"><span class=\"screen-reader-text\">Datenschutz Facebook<\/span> weiterlesen<\/a><\/p>\n","protected":false},"author":1,"featured_media":0,"parent":2408,"menu_order":0,"comment_status":"closed","ping_status":"closed","template":"","meta":[],"aioseo_notices":[],"_links":{"self":[{"href":"https:\/\/www.astrokreativ.de\/neuastro\/wp-json\/wp\/v2\/pages\/3123"}],"collection":[{"href":"https:\/\/www.astrokreativ.de\/neuastro\/wp-json\/wp\/v2\/pages"}],"about":[{"href":"https:\/\/www.astrokreativ.de\/neuastro\/wp-json\/wp\/v2\/types\/page"}],"author":[{"embeddable":true,"href":"https:\/\/www.astrokreativ.de\/neuastro\/wp-json\/wp\/v2\/users\/1"}],"replies":[{"embeddable":true,"href":"https:\/\/www.astrokreativ.de\/neuastro\/wp-json\/wp\/v2\/comments?post=3123"}],"version-history":[{"count":3,"href":"https:\/\/www.astrokreativ.de\/neuastro\/wp-json\/wp\/v2\/pages\/3123\/revisions"}],"predecessor-version":[{"id":3896,"href":"https:\/\/www.astrokreativ.de\/neuastro\/wp-json\/wp\/v2\/pages\/3123\/revisions\/3896"}],"up":[{"embeddable":true,"href":"https:\/\/www.astrokreativ.de\/neuastro\/wp-json\/wp\/v2\/pages\/2408"}],"wp:attachment":[{"href":"https:\/\/www.astrokreativ.de\/neuastro\/wp-json\/wp\/v2\/media?parent=3123"}],"curies":[{"name":"wp","href":"https:\/\/api.w.org\/{rel}","templated":true}]}}

<p><strong>Datenschutzhinweise für die Besucher meiner Facebook-Seite:</strong></p>



<p><strong>Herzlich willkommen auf meiner Facebook-Seite.</strong></p>



<p><strong>Name und Anschrift der Verantwortlichen:</strong></p>



<p>Gemeinsam Verantwortliche für den Betrieb dieser Facebook-Seite sind im Sinne der EU-Datenschutz-Grundverordnung sowie sonstiger datenschutzrechtlicher Bestimmungen die:</p>



<p>Facebook Ireland Ltd. (nachfolgend „Facebook“)</p>



<p>4 Grand Canal Square</p>



<p>Grand Canal Harbour</p>



<p>Dublin 2</p>



<p>Irland</p>



<p>und</p>



<p>Gabriele Welz</p>



<p>Vulsiekshof 32</p>



<p>33619 Bielefeld</p>



<p>Deutschland</p>



<p>Die Vereinbarung zur gemeinsamen Verantwortlichkeit nach Art. 26 DSGVO finden Sie hier</p>



<p><a href="https://www.facebook.com/legal/terms/page_controller_addendum">https://www.facebook.com/legal/terms/page_controller_addendum</a></p>



<p>Diese Vereinbarung wurde in dieser Form von Facebook Irland Ltd. zur Verfügung gestellt und wir als Nutzer der Fanpages, akzeptieren Sie durch die Nutzung von Facebook.</p>



<p>Ob diese Vereinbarung den Voraussetzungen des Art. 26 DSGVO genügt, kann ich nicht beurteilen.</p>



<p><strong>Informationen über meine Facebook-Seite</strong></p>



<p>Ich betreibe diese Seite, um auf meine Produkte aufmerksam zu machen und um mit Ihnen als Besucher und Benutzer dieser Facebook-Seite sowie meiner Webseite in Kontakt zu treten. Weitere Informationen über mich sowie über meine Tätigkeiten, etc. erhalten Sie auf meiner Webseite unter <a href="https://www.astrokreativ.de">https://www.astrokreativ.de</a></p>



<p>Ich als Betreiber der Facebook-Seite habe kein Interesse an der Erhebung und weiteren Verarbeitung Ihrer individuellen personenbezogenen Daten zu Analyse- oder Marketingzwecken. Weiterführende Hinweise zu unserem Umgang mit personenbezogenen Daten finden Sie in meiner Datenschutzerklärung meiner Webseite unter <a href="https://www.astrokreativ.de/neuastro/datenschutz">https://www.astrokreativ.de/neuastro/datenschutz</a></p>



<p>Der Betrieb dieser Facebook-Seite unter Einbezug der Verarbeitung der personenbezogenen Daten der Nutzer erfolgt auf Grundlage meiner berechtigten Interessen an einer zeitgemäßen und unterstützenden Informations- und Interaktionsmöglichkeit für und mit meinen Nutzern und Besuchern gem. Art. 6 Abs. 1 lit. f) DSGVO.</p>



<p>Eine Einwilligung gem. Art. 6 Abs. 1 S.1 lit. b) DSGVO für die Verarbeitung der personenbezogenen Daten kann nur durch Facebook technisch eingeholt werden. Eine solche Einwilligungsmöglichkeit bietet Facebook derzeit nicht an.</p>



<p><strong>Verarbeitung von Personenbezogenen Daten durch Facebook</strong></p>



<p>Der Europäische Gerichtshof (EuGH) hat in seinem Urteil vom 5. Juni 2018 entschieden (<a href="http://curia.europa.eu/juris/document/document.jsf?text=&amp;docid=202543&amp;pageIndex=0&amp;doclang=DE&amp;mode=req&amp;dir=&amp;occ=first&amp;part=1&amp;cid=298398setzen">http://curia.europa.eu/juris/document/document.jsf?text=&amp;docid=202543&amp;pageIndex=0&amp;doclang=DE&amp;mode=req&amp;dir=&amp;occ=first&amp;part=1&amp;cid=298398</a>),</p>



<p>dass der Betreiber einer Facebook-Seite gemeinsam mit Facebook für die Verarbeitung personenbezogener Daten verantwortlich ist.</p>



<p>Mir ist bekannt, dass Facebook die Daten der Nutzer zu folgenden Zwecken verarbeitet:</p>



<p>&#x25aa; Werbung (Analyse, Erstellung personalisierter Werbung)</p>



<p>&#x25aa; Erstellung von Nutzerprofilen</p>



<p>&#x25aa; Marktforschung</p>



<p>Facebook setzt zur Speicherung und weiteren Verarbeitung dieser Informationen Cookies ein, also kleine Textdateien, die auf den verschiedenen Endgeräten der Benutzer gespeichert werden. Sofern der Benutzer ein Facebook-Profil besitzt und bei diesem eingeloggt ist, erfolgt die Speicherung und Analyse auch geräteübergreifend.</p>



<p>Die Datenschutzerklärung von Facebook enthält weitere Informationen zur Datenverarbeitung: <a href="https://www.facebook.com/about/privacy/">https://www.facebook.com/about/privacy/</a></p>



<p>Widerspruchsmöglichkeiten (sog. Opt-Out) können hier: <a href="https://www.facebook.com/settings?tab=ads">https://www.facebook.com/settings?tab=ads</a> und hier <a href="http://www.youronlinechoices.com">http://www.youronlinechoices.com</a></p>



<p>gesetzt werden.</p>



<p>Facebook Inc., der US-amerikanische Mutterkonzern der Facebook Ireland Ltd. ist unter dem EU-U.S. Privacy-Shield zertifiziert und gibt damit die Zusage, sich an europäische Datenschutzrichtlinienzuhalten. Weitere Informationen zum Privacy-Shield-Status von Facebook gibt es hier:</p>



<p><a href="https://www.privacyshield.gov/participantid=a2zt0000000GnywAAC&amp;status=Active.">https://www.privacyshield.gov/participantid=a2zt0000000GnywAAC&amp;status=Active.</a></p>



<p>Die Übermittlung und weitere Verarbeitung personenbezogener Daten der Benutzer in Drittländer, wie z.B. die USA, sowie die damit verbundenen eventuellen Risiken für die Benutzer können von mir als Betreiber der Seite nicht ausgeschlossen werden.</p>



<p><strong>Statistische Daten</strong></p>



<p>Über die sogenannten „Insights“ der Facebook-Seite sind statistische Daten unterschiedlicher Kategorien für mich abrufbar. Diese Statistiken werden durch Facebook erzeugt und bereitgestellt. Auf die Erzeugung und Darstellung habe ich als Betreiberin der Seite keinen Einfluss. Ich kann diese Funktion nicht abstellen oder die Erzeugung und Verarbeitung der Daten nicht verhindern. Für einen wählbaren Zeitraum sowie jeweils für die Kategorien Fans, Abonnenten, erreichte Personen und interagierende Personen wird mir bezogen auf meiner Facebook-Seite nachfolgende Daten durch Facebook bereitgestellt:</p>



<p>Gesamtanzahl von Seitenaufrufen, „Gefällt mir“-Angaben, Seitenaktivitäten, Beitragsinteraktionen, Reichweite, Videoansichten, Beitragsreichweite, Kommentare, Geteilte Inhalten, Antworten, Anteil Männer und Frauen, Herkunft bezogen auf Land und Stadt, Sprache, Aufrufe und Klicks im Shop, Klicks auf Routenplaner, Klicks auf Telefonnummern.</p>



<p>Ebenfalls werden auf diesem Wege Daten zu den mit meiner Facebook-Seite verknüpften Facebook-Gruppen bereitgestellt. Durch die ständige Entwicklung von Facebook verändert sich die Verfügbarkeit und die Aufbereitung der Daten, sodass ich für weitere Details dazu auf die bereits o.g. Datenschutzerklärung von Facebook verweise.</p>



<p>Ich nutze diese in aggregierter Form verfügbaren Daten, um meine Beiträge und Aktivitäten auf meiner Facebook-Seite für die Benutzer attraktiver zu machen. So nutze ich z.B. die Verteilungen nach Alter und Geschlecht für eine angepasste Ansprache und die bevorzugten Besuchszeiten der Nutzer für eine zeitlich optimierte Planung meiner Beiträge. Informationen über die Art der verwendeten Endgeräte von Besuchern helfen mir dabei, die Beiträge optisch-gestalterisch daran anzupassen. Entsprechend der Facebook-Nutzungsbedingungen, denen jeder Benutzer im Rahmen der Erstellung eines Facebook-Profils zugestimmt hat, kann ich die Abonnenten und Fans der Seite identifizieren und deren Profile sowie weitere geteilte Informationen von ihnen einsehen.</p>



<p><strong>Rechte der Benutzer</strong></p>



<p>Bei Fragen zu Ihren Rechten sollten Sie sich bitte direkt mit Facebook in Verbindung setzen.</p>



<p>Sie haben ein Recht auf unentgeltliche Auskunft über bei Facebook zu Ihrer Person gespeicherten Daten sowie ggf. ein Recht auf Berichtigung, Einschränkung der Verarbeitung oder Löschung dieser Daten. Ebenfalls haben Sie das Recht auf Datenübertragbarkeit. Schließlich haben Sie auch das Recht, sich über die Verarbeitung Ihrer persönlichen Daten durch Facebook bei der Datenschutz-Aufsichtsbehörde zu beschweren.</p>



<p>Werden Auskunftsfragen an mich als Seitenbetreiber gestellt, bin ich durch die Zusatzvereinbarung mit Facebook verpflichtet, diese Anfragen – gleich ob von Privatpersonen oder Behörden – innerhalb von 7 Tagen an Facebook weiterzuleiten.</p>



<p>Dieses ergibt sich ebenfalls aus dem o.g. Controller Addendum</p>



<p><a href="https://www.facebook.com/legal/terms/page_controller_addendum">https://www.facebook.com/legal/terms/page_controller_addendum</a></p>



<p>Sollten Sie dabei Unterstützung benötigen oder anderweitige Fragen haben, dann kontaktieren Sie mich gerne unter der E-Mail <a href="javascript:DeCryptX('1h2c0b1s3l1f0l1f1x1f0l2|3C2c3v1u0r1p2m1s1f1b3w0i2x201e3h')">gabrielewelz@astrokreativ.de</a>. Wenn Sie die hier beschriebenen Datenverarbeitungen zukünftig nicht mehr wünschen, dann heben Sie bitte durch Nutzung der Funktion „Diese Seite gefällt mir nicht mehr“ die Verbindung Ihres Benutzer-Profils zu meiner Seite auf.</p>



<p>Stand der Informationen: 13.12.2018</p>



<p>© 2018 Rechtsanwältin Sabrina Keese-Haufs <a href="http://www.lawlikes.de">www.lawlikes.de</a></p>

<p>Datenschutzhinweise für die Besucher meiner Facebook-Seite: Herzlich willkommen auf meiner Facebook-Seite. Name und Anschrift der Verantwortlichen: Gemeinsam Verantwortliche für den Betrieb dieser Facebook-Seite sind im Sinne der EU-Datenschutz-Grundverordnung sowie sonstiger datenschutzrechtlicher Bestimmungen die: Facebook Ireland Ltd. (nachfolgend „Facebook“) 4 Grand Canal Square Grand Canal Harbour Dublin 2 Irland und Gabriele Welz Vulsiekshof 32 33619 Bielefeld&hellip; <a class="more-link" href="https://www.astrokreativ.de/neuastro/datenschutz/datenschutz-facebook"><span class="screen-reader-text">Datenschutz Facebook</span> weiterlesen</a></p>
