{"id":1194,"date":"2017-02-15T11:28:57","date_gmt":"2017-02-15T11:28:57","guid":{"rendered":"http:\/\/www.astrokreativ.de\/neuastro\/?page_id=1194"},"modified":"2023-03-10T19:43:57","modified_gmt":"2023-03-10T17:43:57","slug":"schmuck","status":"publish","type":"page","link":"https:\/\/www.astrokreativ.de\/neuastro\/schmuck","title":{"rendered":"Schmuck"},"content":{"rendered":"<p><span style=\"color: #000000;\"><img decoding=\"async\" loading=\"lazy\" class=\"alignnone wp-image-3310 size-full\" src=\"https:\/\/www.astrokreativ.de\/neuastro\/wp-content\/uploads\/2021\/07\/Schmuck2.jpg\" alt=\"Arbeitsplatz\" width=\"1400\" height=\"528\" srcset=\"https:\/\/www.astrokreativ.de\/neuastro\/wp-content\/uploads\/2021\/07\/Schmuck2.jpg 1400w, https:\/\/www.astrokreativ.de\/neuastro\/wp-content\/uploads\/2021\/07\/Schmuck2-768x290.jpg 768w\" sizes=\"(max-width: 1400px) 100vw, 1400px\" \/><\/span><\/p>\n<p><span style=\"color: #333333;\">Mit viel Liebe fertige ich au\u00dfergew\u00f6hnliche und individuelle Schmuckkreationen aus Silber und Edelsteinen. Schmuck ist eine besonders sch\u00f6ne und angenehme Art, die Heilwirkung von Edelsteinen zu erfahren.<\/span><br><span style=\"color: #333333;\">Diese Heilwirkung der Edelsteine bringe ich in Verbindung mit den Energien der Engel, mit Astrologie und anderen himmlischen Naturerscheinungen. Auch f\u00fcr hochsensible Menschen stelle ich aus den wundervollen Edelsteinen mit ihrer subtilen Schwingung Schmuck zum Schutz und zur St\u00e4rkung her. In den Galerien k\u00f6nnen Sie sich jeweils eine kleine Auswahl davon anschauen.<br><\/span><\/p>\n<h5>&nbsp;<\/h5>\n<h5><span style=\"color: #333333;\">Galerien:<\/span><\/h5>\n<p><span style=\"border-radius: 2px; text-indent: 20px; width: auto; padding: 0px 4px 0px 0px; text-align: center; font: bold 11px\/20px 'Helvetica Neue',Helvetica,sans-serif; color: #ffffff; background: #bd081c  no-repeat scroll 3px 50% \/ 14px 14px; position: absolute; opacity: 1; z-index: 8675309; display: none; cursor: pointer; top: 45px; left: 20px;\">Merken<\/span><\/p>\n\n\n<div class=\"is-layout-flex wp-container-4 wp-block-columns\">\n<div class=\"is-layout-flow wp-block-column\">\n<figure class=\"wp-block-image size-full is-style-default\"><a href=\"https:\/\/www.astrokreativ.de\/neuastro\/schmuckkreationen\"><img decoding=\"async\" loading=\"lazy\" width=\"180\" height=\"150\" src=\"https:\/\/www.astrokreativ.de\/neuastro\/wp-content\/uploads\/2017\/11\/Citrin-Mandaringranat-Astro-Schmuck.jpg\" alt=\"Astro-Schmuck Sonnenkette\" class=\"wp-image-2227\"\/><\/a><figcaption>Edelsteinschmuck<\/figcaption><\/figure>\n<\/div>\n\n\n\n<div class=\"is-layout-flow wp-block-column\">\n<figure class=\"wp-block-image size-full is-style-default\"><a href=\"https:\/\/www.astrokreativ.de\/neuastro\/engel-schmuck\"><img decoding=\"async\" loading=\"lazy\" width=\"186\" height=\"150\" src=\"https:\/\/www.astrokreativ.de\/neuastro\/wp-content\/uploads\/2017\/11\/Aquamarin-Larimar-Engelschmuck.jpg\" alt=\"Aquamarin-Larimar-Anh\u00e4nger-Engelschmuck\" class=\"wp-image-2226\"\/><\/a><figcaption>Engelschmuck<\/figcaption><\/figure>\n<\/div>\n\n\n\n<div class=\"is-layout-flow wp-block-column\">\n<figure class=\"wp-block-image size-full is-resized is-style-default\"><a href=\"https:\/\/www.astrokreativ.de\/neuastro\/hochsensibel-2\"><img decoding=\"async\" loading=\"lazy\" src=\"https:\/\/www.astrokreativ.de\/neuastro\/wp-content\/uploads\/2022\/01\/Muskovit-Haematitquarz1.jpg\" alt=\"Produktansicht\" class=\"wp-image-3461\" width=\"180\" height=\"150\"\/><\/a><figcaption>Schmuck f\u00fcr Hochsensible<\/figcaption><\/figure>\n<\/div>\n<\/div>\n\n\n\n<p><\/p>\n","protected":false},"excerpt":{"rendered":"<p>Mit viel Liebe fertige ich au\u00dfergew\u00f6hnliche und individuelle Schmuckkreationen aus Silber und Edelsteinen. Schmuck ist eine besonders sch\u00f6ne und angenehme Art, die Heilwirkung von Edelsteinen zu erfahren.Diese Heilwirkung der Edelsteine bringe ich in Verbindung mit den Energien der Engel, mit Astrologie und anderen himmlischen Naturerscheinungen. Auch f\u00fcr hochsensible Menschen stelle ich aus den wundervollen Edelsteinen&hellip; <a class=\"more-link\" href=\"https:\/\/www.astrokreativ.de\/neuastro\/schmuck\"><span class=\"screen-reader-text\">Schmuck<\/span> weiterlesen<\/a><\/p>\n","protected":false},"author":1,"featured_media":0,"parent":0,"menu_order":0,"comment_status":"closed","ping_status":"closed","template":"","meta":[],"aioseo_notices":[],"_links":{"self":[{"href":"https:\/\/www.astrokreativ.de\/neuastro\/wp-json\/wp\/v2\/pages\/1194"}],"collection":[{"href":"https:\/\/www.astrokreativ.de\/neuastro\/wp-json\/wp\/v2\/pages"}],"about":[{"href":"https:\/\/www.astrokreativ.de\/neuastro\/wp-json\/wp\/v2\/types\/page"}],"author":[{"embeddable":true,"href":"https:\/\/www.astrokreativ.de\/neuastro\/wp-json\/wp\/v2\/users\/1"}],"replies":[{"embeddable":true,"href":"https:\/\/www.astrokreativ.de\/neuastro\/wp-json\/wp\/v2\/comments?post=1194"}],"version-history":[{"count":22,"href":"https:\/\/www.astrokreativ.de\/neuastro\/wp-json\/wp\/v2\/pages\/1194\/revisions"}],"predecessor-version":[{"id":4386,"href":"https:\/\/www.astrokreativ.de\/neuastro\/wp-json\/wp\/v2\/pages\/1194\/revisions\/4386"}],"wp:attachment":[{"href":"https:\/\/www.astrokreativ.de\/neuastro\/wp-json\/wp\/v2\/media?parent=1194"}],"curies":[{"name":"wp","href":"https:\/\/api.w.org\/{rel}","templated":true}]}}