{"id":11,"date":"2016-11-28T18:14:35","date_gmt":"2016-11-28T18:14:35","guid":{"rendered":"http:\/\/www.astrokreativ.de\/neuastro\/?page_id=11"},"modified":"2023-03-12T18:55:34","modified_gmt":"2023-03-12T16:55:34","slug":"startseite","status":"publish","type":"page","link":"https:\/\/www.astrokreativ.de\/neuastro\/","title":{"rendered":"&#8222;Himmlisch&#8220; &#8211; Engel und Astrologie als Kunst und Schmuck"},"content":{"rendered":"<h4><span style=\"color: #785f14; font-size: 12pt;\">Herzlich Willkommen bei Astrokreativ!<\/span><\/h4>\n<p><span style=\"color: #52524d;\">Als Malerin, Schmuckk\u00fcnstlerin und auch Fotografin versuche ich das nicht Sichtbare, das Lichtvolle, die Seele sichtbar zu machen.<\/span><br \/><span style=\"color: #52524d;\">Wenn es andere ber\u00fchrt, dann ist es angekommen.<\/span><\/p>\n<p><span style=\"color: #333333;\">Auf Astrokreativ finden Sie au\u00dfergew\u00f6hnlichen Edelsteinschmuck, wundersch\u00f6ne gemalte Engelbilder und andere Kunstwerke, lichtvolle Fotografien sowie Horoskopanalysen.<\/span><\/p>\n<p><span style=\"color: #333333;\">Wenn Sie das Individuelle und Einzigartige lieben, sind Sie hier genau richtig!<\/span><\/p>\n<p><span style=\"color: #333333;\">Aus naturbelassenen und geschliffenen Edelsteinen, die ich haupts\u00e4chlich mit Silber fasse und verarbeite, entstehen einzigartige Schmuckkreationen. Alles von mir selbst mit Liebe und Begeisterung hergestellte handgearbeitete Unikate.<\/span><br \/><span style=\"color: #333333;\">Bei meinen Schmuckkreationen versuche ich durch Zuordnung astrologischer und himmlischer Symbole die Heilkraft und st\u00e4rkende Wirkung der Edelsteine zu erh\u00f6hen.<\/span><\/p>\n<p><span style=\"color: #333333;\">In den Galerien von <a href=\"https:\/\/www.astrokreativ.de\/neuastro\/schmuckkreationen\"><strong>Schmuckkreationen<\/strong><\/a> k\u00f6nnen Sie sich Halsschmuck in Form von Colliers, Ketten und auch Edelsteinanh\u00e4ngern anschauen, sowie Edelsteinarmb\u00e4nder und -Ohrschmuck. Diesen Schmuck habe ich zum gr\u00f6\u00dften Teil mittels astrologischen Zuordnungen kreiert. Doch manchmal lasse ich mich auch durch Affirmationen oder durch die Formen und Farben der Edelsteine leiten und inspirieren.<\/span><\/p>\n<p><span style=\"color: #333333;\">Eine weitere Schmuckkategorie ist der <a href=\"https:\/\/www.astrokreativ.de\/neuastro\/hochsensibel-2\"><strong>Edelsteinschmuck f\u00fcr hochsensible Menschen<\/strong><\/a>. Dieser besondere Heilsteinschmuck kann die Belastungen der Hochsensibilit\u00e4t reduzieren und helfen, bewusster und besser mit der angeborenen Veranlagung umzugehen.<\/span><\/p>\n<p><span style=\"color: #333333;\">In den <a href=\"https:\/\/www.astrokreativ.de\/neuastro\/engel-schmuck\"><strong>Engelschmuck<\/strong><\/a> Galerien sehen Sie bezaubernde und au\u00dfergew\u00f6hnliche Engel, als kleine oder gr\u00f6\u00dfere Edelstein Anh\u00e4nger und auch Edelstein Ketten mit einem Engel oder Fl\u00fcgel.<\/span><br \/><span style=\"color: #333333;\">So einen Engel aus Edelsteinen k\u00f6nnen Sie bei sich tragen und er wird Sie immer daran erinnern, dass Engel bei Ihnen sind und Sie auf Ihrem Weg begleiten und besch\u00fctzen. Genauso ist so ein kleiner Engel auch ein wunderbares Geschenk f\u00fcr einen Menschen, der Ihnen besonders am Herzen liegt.<\/span><\/p>\n<p><span style=\"color: #333333;\">Doch Engel finden Sie nicht nur bei meinem Schmuck, sondern auch bei meinen gemalten Acrylbildern. Diese einzigartigen <a href=\"https:\/\/www.astrokreativ.de\/neuastro\/engel-acrylbilder\"><strong>Engelbilder<\/strong><\/a>, aber auch die anderen gemalten <a href=\"https:\/\/www.astrokreativ.de\/neuastro\/kunst\"><strong>Kunstwerke<\/strong><\/a> mit Menschen, Gef\u00fchlen, Stimmungen, Planeten und abstrakten Motiven, k\u00f6nnen Sie in meinem <span style=\"color: #800000;\"><a style=\"color: #800000;\" href=\"https:\/\/shop.astrokreativ.de.web12934.greatnet-hosting.de\/\" target=\"_blank\" rel=\"noopener\">Shop<\/a><\/span> als Kunstdrucke und Kunstkarten erwerben und sich somit die unterst\u00fctzende und verbindende Kraft der Engel in Ihr Zuhause holen. Wer sich f\u00fcr meine Originale interessiert, kann gerne mit mir Kontakt aufnehmen. Ein paar davon k\u00f6nnen Sie auch auf <a style=\"color: #333333;\" href=\"http:\/\/www.artists.de\/Gawe.html\"><span style=\"color: #800000;\">artists.de<\/span><\/a> bekommen.<\/span><br \/><span style=\"color: #333333;\">Bei <a style=\"color: #333333;\" href=\"https:\/\/www.artflakes.com\/de\/shop\/gabriele-welz\"><span style=\"color: #800000;\">Artflakes<\/span><\/a> biete ich auch hochwertige Kunstdrucke in vielen Ausf\u00fchrungen an.<\/span><\/p>\n<p><span style=\"color: #333333;\">Weiterhin k\u00f6nnen Sie sich noch an vielen lichtvollen <a href=\"https:\/\/www.astrokreativ.de\/neuastro\/fotografie\"><strong>Edelstein- und Naturfotos<\/strong><\/a> in meiner Fotogalerie erfreuen.<\/span><\/p>\n<p><span style=\"color: #333333;\">Wenn Sie sich dar\u00fcber hinaus f\u00fcr Astrologie interessieren, k\u00f6nnen Sie sich unter <a href=\"https:\/\/www.astrokreativ.de\/neuastro\/heilstein-analyse\"><strong>Heilsteinanalyse<\/strong><\/a> \u00fcber meine selbst entwickelte Astrologische Heilsteinanalyse und \u00fcber eine Astrologische Pers\u00f6nlichkeitsanalyse informieren und Beispieltexte lesen.<\/span><\/p>\n<p><span style=\"color: #333333;\">Im meinem <span style=\"color: #800000;\"><a style=\"color: #800000;\" href=\"https:\/\/shop.astrokreativ.de.web12934.greatnet-hosting.de\/\" target=\"_blank\" rel=\"noopener\">Shop<\/a><\/span> finden Sie meine aktuelle Schmuckkollektion. Dort k\u00f6nnen Sie auch Kunstdrucke und Kunstkarten meiner gemalten Bilder, sowie Natur- und Edelsteinkarten und die Horoskopanalysen bestellen.<\/span><\/p>\n<p><span style=\"color: #333333;\">Nun w\u00fcnsche ich Ihnen viel Freude auf meiner himmlischen Seite.<\/span><\/p>\n<p><span style=\"color: #333333;\">Gabriele Welz<\/span><\/p>\n\n\n<p><\/p>\n","protected":false},"excerpt":{"rendered":"<p>Herzlich Willkommen bei Astrokreativ! Als Malerin, Schmuckk\u00fcnstlerin und auch Fotografin versuche ich das nicht Sichtbare, das Lichtvolle, die Seele sichtbar zu machen.Wenn es andere ber\u00fchrt, dann ist es angekommen. Auf Astrokreativ finden Sie au\u00dfergew\u00f6hnlichen Edelsteinschmuck, wundersch\u00f6ne gemalte Engelbilder und andere Kunstwerke, lichtvolle Fotografien sowie Horoskopanalysen. Wenn Sie das Individuelle und Einzigartige lieben, sind Sie hier&hellip; <a class=\"more-link\" href=\"https:\/\/www.astrokreativ.de\/neuastro\/\"><span class=\"screen-reader-text\">&#8222;Himmlisch&#8220; &#8211; Engel und Astrologie als Kunst und Schmuck<\/span> weiterlesen<\/a><\/p>\n","protected":false},"author":1,"featured_media":0,"parent":0,"menu_order":0,"comment_status":"closed","ping_status":"closed","template":"","meta":[],"aioseo_notices":[],"_links":{"self":[{"href":"https:\/\/www.astrokreativ.de\/neuastro\/wp-json\/wp\/v2\/pages\/11"}],"collection":[{"href":"https:\/\/www.astrokreativ.de\/neuastro\/wp-json\/wp\/v2\/pages"}],"about":[{"href":"https:\/\/www.astrokreativ.de\/neuastro\/wp-json\/wp\/v2\/types\/page"}],"author":[{"embeddable":true,"href":"https:\/\/www.astrokreativ.de\/neuastro\/wp-json\/wp\/v2\/users\/1"}],"replies":[{"embeddable":true,"href":"https:\/\/www.astrokreativ.de\/neuastro\/wp-json\/wp\/v2\/comments?post=11"}],"version-history":[{"count":69,"href":"https:\/\/www.astrokreativ.de\/neuastro\/wp-json\/wp\/v2\/pages\/11\/revisions"}],"predecessor-version":[{"id":4487,"href":"https:\/\/www.astrokreativ.de\/neuastro\/wp-json\/wp\/v2\/pages\/11\/revisions\/4487"}],"wp:attachment":[{"href":"https:\/\/www.astrokreativ.de\/neuastro\/wp-json\/wp\/v2\/media?parent=11"}],"curies":[{"name":"wp","href":"https:\/\/api.w.org\/{rel}","templated":true}]}}